{"id":241849,"date":"2024-10-31T07:39:42","date_gmt":"2024-10-31T07:39:42","guid":{"rendered":"https:\/\/jakobgold.de\/?page_id=241849"},"modified":"2024-10-31T07:39:42","modified_gmt":"2024-10-31T07:39:42","slug":"synth-42-filmstudio","status":"publish","type":"page","link":"https:\/\/jakobgold.de\/?page_id=241849","title":{"rendered":"SYNTH 42 | Filmstudio"},"content":{"rendered":"\n[et_pb_section fb_built=&#8220;1&#8243; admin_label=&#8220;Empty&#8220; module_id=&#8220;about&#8220; _builder_version=&#8220;4.27.2&#8243; _module_preset=&#8220;default&#8220; background_color=&#8220;#231E26&#8243; max_width=&#8220;100%&#8220; min_height=&#8220;15vh&#8220; custom_margin=&#8220;0px||-1px||false|false&#8220; custom_padding=&#8220;||0px|||&#8220; bottom_divider_style=&#8220;curve2&#8243; bottom_divider_color=&#8220;RGBA(255,255,255,0)&#8220; bottom_divider_height=&#8220;107px&#8220; border_color_all=&#8220;RGBA(255,255,255,0)&#8220; border_width_bottom=&#8220;8px&#8220; locked=&#8220;off&#8220; collapsed=&#8220;on&#8220; global_colors_info=&#8220;{}&#8220;][\/et_pb_section][et_pb_section fb_built=&#8220;1&#8243; admin_label=&#8220;Projektbeschreibung&#8220; module_id=&#8220;about&#8220; _builder_version=&#8220;4.27.2&#8243; _module_preset=&#8220;default&#8220; background_color=&#8220;#231E26&#8243; max_width=&#8220;100%&#8220; min_height=&#8220;15vh&#8220; custom_margin=&#8220;0px||-1px||false|false&#8220; custom_padding=&#8220;||0px|||&#8220; bottom_divider_style=&#8220;curve2&#8243; bottom_divider_color=&#8220;RGBA(255,255,255,0)&#8220; bottom_divider_height=&#8220;107px&#8220; border_color_all=&#8220;RGBA(255,255,255,0)&#8220; border_width_bottom=&#8220;8px&#8220; locked=&#8220;off&#8220; collapsed=&#8220;on&#8220; global_colors_info=&#8220;{}&#8220;][et_pb_row admin_label=&#8220;Headline&#8220; _builder_version=&#8220;4.27.2&#8243; _module_preset=&#8220;default&#8220; width=&#8220;70%&#8220; max_width=&#8220;none&#8220; module_alignment=&#8220;center&#8220; min_height=&#8220;52px&#8220; max_height=&#8220;402px&#8220; custom_margin=&#8220;50px||50px||false|false&#8220; custom_padding=&#8220;0px||0px||false|false&#8220; collapsed=&#8220;on&#8220; global_colors_info=&#8220;{}&#8220;][et_pb_column type=&#8220;4_4&#8243; _builder_version=&#8220;4.20.0&#8243; _module_preset=&#8220;default&#8220; global_colors_info=&#8220;{}&#8220;][et_pb_text _builder_version=&#8220;4.27.2&#8243; _module_preset=&#8220;default&#8220; text_font=&#8220;Poppins||||||||&#8220; text_text_color=&#8220;#FFEECF&#8220; text_font_size=&#8220;31px&#8220; global_colors_info=&#8220;{}&#8220;]<p>EL PARAISO<\/p>[\/et_pb_text][et_pb_text module_id=&#8220;.dm-cursor&#8220; _builder_version=&#8220;4.27.0&#8243; _module_preset=&#8220;default&#8220; text_text_color=&#8220;#ffeecf&#8220; header_font=&#8220;Inter|700|||||||&#8220; header_text_align=&#8220;left&#8220; header_text_color=&#8220;#ffeecf&#8220; header_font_size=&#8220;61px&#8220; header_line_height=&#8220;1.2em&#8220; min_height=&#8220;55.2px&#8220; custom_margin=&#8220;10px||10px||false|false&#8220; custom_padding=&#8220;||0px|||&#8220; header_font_size_tablet=&#8220;40px&#8220; header_font_size_phone=&#8220;35px&#8220; header_font_size_last_edited=&#8220;on|phone&#8220; global_colors_info=&#8220;{}&#8220; header_font_size__hover_enabled=&#8220;on|desktop&#8220; header_font_size__hover=&#8220;61px&#8220;]<h1 class=\"heading title\" itemprop=\"name\"><span style=\"color: #429e70;\">Hat jemand nach Spanischer K\u00fcche gefragt? <\/span>Achtung! Hier kommt Tradition und Moderne \u2013 im Doppelpack.<\/h1>[\/et_pb_text][\/et_pb_column][\/et_pb_row][et_pb_row column_structure=&#8220;1_3,1_3,1_3&#8243; _builder_version=&#8220;4.27.2&#8243; _module_preset=&#8220;default&#8220; width=&#8220;70%&#8220; max_width=&#8220;70%&#8220; custom_margin=&#8220;50px||50px||false|false&#8220; global_colors_info=&#8220;{}&#8220;][et_pb_column type=&#8220;1_3&#8243; _builder_version=&#8220;4.27.2&#8243; _module_preset=&#8220;default&#8220; global_colors_info=&#8220;{}&#8220;][et_pb_text _builder_version=&#8220;4.27.2&#8243; _module_preset=&#8220;default&#8220; text_font=&#8220;Poppins|600|||||||&#8220; text_text_color=&#8220;#FFEECF&#8220; global_colors_info=&#8220;{}&#8220;]<p>Der Kunde:<\/p>[\/et_pb_text][et_pb_text _builder_version=&#8220;4.27.2&#8243; _module_preset=&#8220;default&#8220; text_font=&#8220;Poppins|600|||||||&#8220; text_text_color=&#8220;#A79AB2&#8243; custom_margin=&#8220;20px||0px||false|false&#8220; global_colors_info=&#8220;{}&#8220;]<p>Instagram Design Challenge<\/p>[\/et_pb_text][\/et_pb_column][et_pb_column type=&#8220;1_3&#8243; _builder_version=&#8220;4.27.2&#8243; _module_preset=&#8220;default&#8220; global_colors_info=&#8220;{}&#8220;][et_pb_text _builder_version=&#8220;4.27.2&#8243; _module_preset=&#8220;default&#8220; text_font=&#8220;Poppins|600|||||||&#8220; text_text_color=&#8220;#FFEECF&#8220; global_colors_info=&#8220;{}&#8220;]<p>Meine Leistungen:<\/p>[\/et_pb_text][et_pb_text _builder_version=&#8220;4.27.2&#8243; _module_preset=&#8220;default&#8220; text_font=&#8220;Poppins|600|||||||&#8220; text_text_color=&#8220;#A79AB2&#8243; text_line_height=&#8220;1.2em&#8220; custom_margin=&#8220;20px||0px||false|false&#8220; global_colors_info=&#8220;{}&#8220;]<p>Branding Identity, Logodesign<\/p>\n<p>&nbsp;<\/p>[\/et_pb_text][\/et_pb_column][et_pb_column type=&#8220;1_3&#8243; _builder_version=&#8220;4.27.2&#8243; _module_preset=&#8220;default&#8220; global_colors_info=&#8220;{}&#8220;][et_pb_text _builder_version=&#8220;4.27.2&#8243; _module_preset=&#8220;default&#8220; text_font=&#8220;Poppins|600|||||||&#8220; text_text_color=&#8220;#FFEECF&#8220; global_colors_info=&#8220;{}&#8220;]<p>Tools &amp; Programme:<\/p>[\/et_pb_text][et_pb_text _builder_version=&#8220;4.27.2&#8243; _module_preset=&#8220;default&#8220; text_font=&#8220;Poppins|600|||||||&#8220; text_text_color=&#8220;#A79AB2&#8243; text_line_height=&#8220;1.2em&#8220; custom_margin=&#8220;20px||0px||false|false&#8220; global_colors_info=&#8220;{}&#8220;]<p>Photoshop, Illustrator, Indesign<\/p>[\/et_pb_text][\/et_pb_column][\/et_pb_row][\/et_pb_section][et_pb_section fb_built=&#8220;1&#8243; admin_label=&#8220;Detailbeschreibung&#8220; _builder_version=&#8220;4.27.0&#8243; _module_preset=&#8220;default&#8220; background_color=&#8220;#231e26&#8243; max_width=&#8220;100%&#8220; min_height=&#8220;1185.6px&#8220; custom_margin=&#8220;-32px||-67px||false|false&#8220; custom_padding=&#8220;0px|||||&#8220; locked=&#8220;off&#8220; collapsed=&#8220;on&#8220; global_colors_info=&#8220;{}&#8220;][et_pb_row column_structure=&#8220;1_2,1_2&#8243; _builder_version=&#8220;4.27.2&#8243; _module_preset=&#8220;default&#8220; width=&#8220;70%&#8220; max_width=&#8220;70%&#8220; global_colors_info=&#8220;{}&#8220;][et_pb_column type=&#8220;1_2&#8243; _builder_version=&#8220;4.27.2&#8243; _module_preset=&#8220;default&#8220; global_colors_info=&#8220;{}&#8220;][et_pb_heading title=&#8220;Das steht dahinter:&#8220; _builder_version=&#8220;4.27.0&#8243; _module_preset=&#8220;default&#8220; title_font=&#8220;Poppins|700|||||||&#8220; title_text_color=&#8220;#FFEECF&#8220; title_font_size=&#8220;65px&#8220; custom_margin=&#8220;||-20px||false|false&#8220; locked=&#8220;off&#8220; global_colors_info=&#8220;{}&#8220;][\/et_pb_heading][et_pb_text _builder_version=&#8220;4.27.0&#8243; _module_preset=&#8220;b2a6900b-96db-4f6c-b2a9-a5e9ca4b0796&#8243; text_font=&#8220;Poppins||||||||&#8220; text_text_color=&#8220;#FFEECF&#8220; text_font_size=&#8220;27px&#8220; text_line_height=&#8220;1.3em&#8220; header_font=&#8220;Poppins|700||on|||||&#8220; header_text_align=&#8220;left&#8220; header_text_color=&#8220;#000000&#8243; header_font_size=&#8220;100px&#8220; header_line_height=&#8220;1.6em&#8220; width_tablet=&#8220;&#8220; width_phone=&#8220;85%&#8220; width_last_edited=&#8220;on|phone&#8220; custom_margin=&#8220;30px|119px|0px||false|false&#8220; custom_margin_tablet=&#8220;30px|119px|0px||false|false&#8220; custom_margin_phone=&#8220;30px|119px|0px||false|false&#8220; custom_margin_last_edited=&#8220;on|desktop&#8220; custom_padding=&#8220;||0px|||&#8220; locked=&#8220;off&#8220; global_colors_info=&#8220;{}&#8220;]<p>Du kennst das doch: Feierabend, endlich mal abschalten, aber dann kommt dieses fiese Bauchgef\u00fchl \u2013 Hunger! Und schon wieder Pizza? Nee, das hatten wir doch erst gestern. Du denkst dir: \u201eIrgendwas mit mehr Geschmack, was Frisches\u2026 Spanisch w\u00e4r jetzt richtig gut.\u201c<\/p>\n<p>Beim Scrollen f\u00e4llt dir pl\u00f6tzlich EL PARAISO ins Auge. Das Logo hat was \u2013 frisch, lebendig, irgendwie anders. Ein Klick und du siehst all die leckeren Gerichte. Tapas, Paella, all das, was man sich so w\u00fcnscht. Und das Beste? Du musst nicht mal gro\u00df \u00fcberlegen \u2013 einfach bestellen und genie\u00dfen.<\/p>\n<p>Besonders der Stierkopf, als Symbol f\u00fcr St\u00e4rke und spanische Tradition, verlangte viele Skizzen und \u00dcberarbeitungen. Es ging darum, den spanischen Geist authentisch und modern einzufangen. Nach einigen Runden voller Ideen und Anpassungen entstand ein Logo, das den Charakter von EL PARAISO perfekt widerspiegelt: kraftvoll, einladend und zeitlos.<\/p>[\/et_pb_text][\/et_pb_column][et_pb_column type=&#8220;1_2&#8243; _builder_version=&#8220;4.27.2&#8243; _module_preset=&#8220;default&#8220; global_colors_info=&#8220;{}&#8220;][et_pb_image src=&#8220;https:\/\/jakobgold.de\/wp-content\/uploads\/2024\/10\/Place-your-design-here-Double-click-to-edit1518-scaled.jpg&#8220; title_text=&#8220;Place your design here (Double click to edit)1518&#8243; _builder_version=&#8220;4.27.2&#8243; _module_preset=&#8220;default&#8220; module_alignment=&#8220;center&#8220; border_radii=&#8220;on|15px|15px|15px|15px&#8220; global_colors_info=&#8220;{}&#8220;][\/et_pb_image][\/et_pb_column][\/et_pb_row][\/et_pb_section][et_pb_section fb_built=&#8220;1&#8243; admin_label=&#8220;Galerie&#8220; _builder_version=&#8220;4.27.0&#8243; _module_preset=&#8220;default&#8220; background_color=&#8220;#231e26&#8243; max_width=&#8220;100%&#8220; min_height=&#8220;1185.6px&#8220; custom_margin=&#8220;-32px||-67px||false|false&#8220; custom_padding=&#8220;0px|||||&#8220; locked=&#8220;off&#8220; collapsed=&#8220;on&#8220; global_colors_info=&#8220;{}&#8220;][et_pb_row _builder_version=&#8220;4.27.2&#8243; _module_preset=&#8220;default&#8220; width=&#8220;70%&#8220; max_width=&#8220;70%&#8220; global_colors_info=&#8220;{}&#8220;][et_pb_column type=&#8220;4_4&#8243; _builder_version=&#8220;4.27.2&#8243; _module_preset=&#8220;default&#8220; global_colors_info=&#8220;{}&#8220;][et_pb_image src=&#8220;https:\/\/jakobgold.de\/wp-content\/uploads\/2024\/10\/590.png&#8220; title_text=&#8220;590&#8243; disabled_on=&#8220;on|off|off&#8220; _builder_version=&#8220;4.27.2&#8243; _module_preset=&#8220;default&#8220; border_radii=&#8220;on|15px|15px|15px|15px&#8220; global_colors_info=&#8220;{}&#8220;][\/et_pb_image][\/et_pb_column][\/et_pb_row][et_pb_row column_structure=&#8220;1_2,1_2&#8243; _builder_version=&#8220;4.27.2&#8243; _module_preset=&#8220;default&#8220; width=&#8220;70%&#8220; max_width=&#8220;70%&#8220; global_colors_info=&#8220;{}&#8220;][et_pb_column type=&#8220;1_2&#8243; _builder_version=&#8220;4.27.2&#8243; _module_preset=&#8220;default&#8220; global_colors_info=&#8220;{}&#8220;][et_pb_image src=&#8220;https:\/\/jakobgold.de\/wp-content\/uploads\/2024\/10\/Place-your-design-here-Double-click-to-edit151-scaled.jpg&#8220; title_text=&#8220;Place your design here (Double click to edit)151&#8243; _builder_version=&#8220;4.27.2&#8243; _module_preset=&#8220;default&#8220; border_radii=&#8220;on|15px|15px|15px|15px&#8220; global_colors_info=&#8220;{}&#8220;][\/et_pb_image][et_pb_image src=&#8220;https:\/\/jakobgold.de\/wp-content\/uploads\/2024\/10\/Place-your-design-here-Double-click-to-edit1517-scaled.jpg&#8220; title_text=&#8220;Place your design here (Double click to edit)1517&#8243; _builder_version=&#8220;4.27.2&#8243; _module_preset=&#8220;default&#8220; border_radii=&#8220;on|15px|15px|15px|15px&#8220; global_colors_info=&#8220;{}&#8220;][\/et_pb_image][et_pb_image src=&#8220;https:\/\/jakobgold.de\/wp-content\/uploads\/2024\/10\/Place-your-design-here-Double-click-to-edit15121-scaled.jpg&#8220; title_text=&#8220;Place your design here (Double click to edit)15121&#8243; _builder_version=&#8220;4.27.2&#8243; _module_preset=&#8220;default&#8220; border_radii=&#8220;on|15px|15px|15px|15px&#8220; global_colors_info=&#8220;{}&#8220;][\/et_pb_image][\/et_pb_column][et_pb_column type=&#8220;1_2&#8243; _builder_version=&#8220;4.27.2&#8243; _module_preset=&#8220;default&#8220; global_colors_info=&#8220;{}&#8220;][et_pb_image src=&#8220;https:\/\/jakobgold.de\/wp-content\/uploads\/2024\/10\/Place-your-design-here-Double-click-to-edit15114-scaled.jpg&#8220; title_text=&#8220;Place your design here (Double click to edit)15114&#8243; _builder_version=&#8220;4.27.2&#8243; _module_preset=&#8220;default&#8220; border_radii=&#8220;on|15px|15px|15px|15px&#8220; global_colors_info=&#8220;{}&#8220;][\/et_pb_image][et_pb_image src=&#8220;https:\/\/jakobgold.de\/wp-content\/uploads\/2024\/10\/Place-your-design-here-Double-click-to-edit15118-scaled.jpg&#8220; title_text=&#8220;Place your design here (Double click to edit)15118&#8243; _builder_version=&#8220;4.27.2&#8243; _module_preset=&#8220;default&#8220; border_radii=&#8220;on|15px|15px|15px|15px&#8220; global_colors_info=&#8220;{}&#8220;][\/et_pb_image][et_pb_image src=&#8220;https:\/\/jakobgold.de\/wp-content\/uploads\/2024\/10\/EL-PARAINO_feed-scaled.jpg&#8220; title_text=&#8220;EL PARAINO_feed&#8220; _builder_version=&#8220;4.27.2&#8243; _module_preset=&#8220;default&#8220; border_radii=&#8220;on|15px|15px|15px|15px&#8220; global_colors_info=&#8220;{}&#8220;][\/et_pb_image][\/et_pb_column][\/et_pb_row][\/et_pb_section]\n","protected":false},"excerpt":{"rendered":"<p>EL PARAISOHat jemand nach Spanischer K\u00fcche gefragt? Achtung! Hier kommt Tradition und Moderne \u2013 im Doppelpack.Der Kunde:Instagram Design ChallengeMeine Leistungen:Branding Identity, Logodesign &nbsp;Tools &amp; Programme:Photoshop, Illustrator, IndesignDu kennst das doch: Feierabend, endlich mal abschalten, aber dann kommt dieses fiese Bauchgef\u00fchl \u2013 Hunger! Und schon wieder Pizza? Nee, das hatten wir doch erst gestern. Du denkst dir: \u201eIrgendwas mit mehr Geschmack, was Frisches\u2026 Spanisch w\u00e4r jetzt richtig gut.\u201c Beim Scrollen f\u00e4llt dir pl\u00f6tzlich EL PARAISO ins Auge. Das Logo hat was \u2013 frisch, lebendig, irgendwie anders. Ein Klick und du siehst all die leckeren Gerichte. Tapas, Paella, all das, was man sich so w\u00fcnscht. Und das Beste? Du musst nicht mal gro\u00df \u00fcberlegen \u2013 einfach bestellen und genie\u00dfen. Besonders der Stierkopf, als Symbol f\u00fcr St\u00e4rke und spanische Tradition, verlangte viele Skizzen und \u00dcberarbeitungen. Es ging darum, den spanischen Geist authentisch und modern einzufangen. Nach einigen Runden voller Ideen und Anpassungen entstand ein Logo, das den Charakter von EL PARAISO perfekt widerspiegelt: kraftvoll, einladend und zeitlos.<\/p>\n","protected":false},"author":1,"featured_media":0,"parent":0,"menu_order":0,"comment_status":"closed","ping_status":"closed","template":"","meta":{"_et_pb_use_builder":"on","_et_pb_old_content":"","_et_gb_content_width":"","footnotes":""},"class_list":["post-241849","page","type-page","status-publish","hentry"],"yoast_head":"<!-- This site is optimized with the Yoast SEO plugin v26.7 - https:\/\/yoast.com\/wordpress\/plugins\/seo\/ -->\n<title>SYNTH 42 | Filmstudio - Jakob Gold<\/title>\n<meta name=\"robots\" content=\"index, follow, max-snippet:-1, max-image-preview:large, max-video-preview:-1\" \/>\n<link rel=\"canonical\" href=\"https:\/\/jakobgold.de\/?page_id=241849\" \/>\n<meta property=\"og:locale\" content=\"de_DE\" \/>\n<meta property=\"og:type\" content=\"article\" \/>\n<meta property=\"og:title\" content=\"SYNTH 42 | Filmstudio - Jakob Gold\" \/>\n<meta property=\"og:description\" content=\"EL PARAISOHat jemand nach Spanischer K\u00fcche gefragt? Achtung! Hier kommt Tradition und Moderne \u2013 im Doppelpack.Der Kunde:Instagram Design ChallengeMeine Leistungen:Branding Identity, Logodesign &nbsp;Tools &amp; Programme:Photoshop, Illustrator, IndesignDu kennst das doch: Feierabend, endlich mal abschalten, aber dann kommt dieses fiese Bauchgef\u00fchl \u2013 Hunger! Und schon wieder Pizza? Nee, das hatten wir doch erst gestern. Du denkst dir: \u201eIrgendwas mit mehr Geschmack, was Frisches\u2026 Spanisch w\u00e4r jetzt richtig gut.\u201c Beim Scrollen f\u00e4llt dir pl\u00f6tzlich EL PARAISO ins Auge. Das Logo hat was \u2013 frisch, lebendig, irgendwie anders. Ein Klick und du siehst all die leckeren Gerichte. Tapas, Paella, all das, was man sich so w\u00fcnscht. Und das Beste? Du musst nicht mal gro\u00df \u00fcberlegen \u2013 einfach bestellen und genie\u00dfen. Besonders der Stierkopf, als Symbol f\u00fcr St\u00e4rke und spanische Tradition, verlangte viele Skizzen und \u00dcberarbeitungen. Es ging darum, den spanischen Geist authentisch und modern einzufangen. Nach einigen Runden voller Ideen und Anpassungen entstand ein Logo, das den Charakter von EL PARAISO perfekt widerspiegelt: kraftvoll, einladend und zeitlos.\" \/>\n<meta property=\"og:url\" content=\"https:\/\/jakobgold.de\/?page_id=241849\" \/>\n<meta property=\"og:site_name\" content=\"Jakob Gold\" \/>\n<meta name=\"twitter:card\" content=\"summary_large_image\" \/>\n<meta name=\"twitter:label1\" content=\"Gesch\u00e4tzte Lesezeit\" \/>\n\t<meta name=\"twitter:data1\" content=\"7\u00a0Minuten\" \/>\n<script type=\"application\/ld+json\" class=\"yoast-schema-graph\">{\"@context\":\"https:\/\/schema.org\",\"@graph\":[{\"@type\":\"WebPage\",\"@id\":\"https:\/\/jakobgold.de\/?page_id=241849\",\"url\":\"https:\/\/jakobgold.de\/?page_id=241849\",\"name\":\"SYNTH 42 | Filmstudio - Jakob Gold\",\"isPartOf\":{\"@id\":\"https:\/\/jakobgold.de\/#website\"},\"datePublished\":\"2024-10-31T07:39:42+00:00\",\"breadcrumb\":{\"@id\":\"https:\/\/jakobgold.de\/?page_id=241849#breadcrumb\"},\"inLanguage\":\"de\",\"potentialAction\":[{\"@type\":\"ReadAction\",\"target\":[\"https:\/\/jakobgold.de\/?page_id=241849\"]}]},{\"@type\":\"BreadcrumbList\",\"@id\":\"https:\/\/jakobgold.de\/?page_id=241849#breadcrumb\",\"itemListElement\":[{\"@type\":\"ListItem\",\"position\":1,\"name\":\"Startseite\",\"item\":\"https:\/\/jakobgold.de\/\"},{\"@type\":\"ListItem\",\"position\":2,\"name\":\"SYNTH 42 | Filmstudio\"}]},{\"@type\":\"WebSite\",\"@id\":\"https:\/\/jakobgold.de\/#website\",\"url\":\"https:\/\/jakobgold.de\/\",\"name\":\"Jakob Gold: Kommunikationsdesign\",\"description\":\"Design &amp; Medien\",\"publisher\":{\"@id\":\"https:\/\/jakobgold.de\/#organization\"},\"potentialAction\":[{\"@type\":\"SearchAction\",\"target\":{\"@type\":\"EntryPoint\",\"urlTemplate\":\"https:\/\/jakobgold.de\/?s={search_term_string}\"},\"query-input\":{\"@type\":\"PropertyValueSpecification\",\"valueRequired\":true,\"valueName\":\"search_term_string\"}}],\"inLanguage\":\"de\"},{\"@type\":\"Organization\",\"@id\":\"https:\/\/jakobgold.de\/#organization\",\"name\":\"Jakob Gold\",\"url\":\"https:\/\/jakobgold.de\/\",\"logo\":{\"@type\":\"ImageObject\",\"inLanguage\":\"de\",\"@id\":\"https:\/\/jakobgold.de\/#\/schema\/logo\/image\/\",\"url\":\"https:\/\/jakobgold.de\/wp-content\/uploads\/2024\/10\/cropped-Zeichenflache-1.png\",\"contentUrl\":\"https:\/\/jakobgold.de\/wp-content\/uploads\/2024\/10\/cropped-Zeichenflache-1.png\",\"width\":512,\"height\":512,\"caption\":\"Jakob Gold\"},\"image\":{\"@id\":\"https:\/\/jakobgold.de\/#\/schema\/logo\/image\/\"}}]}<\/script>\n<!-- \/ Yoast SEO plugin. -->","yoast_head_json":{"title":"SYNTH 42 | Filmstudio - Jakob Gold","robots":{"index":"index","follow":"follow","max-snippet":"max-snippet:-1","max-image-preview":"max-image-preview:large","max-video-preview":"max-video-preview:-1"},"canonical":"https:\/\/jakobgold.de\/?page_id=241849","og_locale":"de_DE","og_type":"article","og_title":"SYNTH 42 | Filmstudio - Jakob Gold","og_description":"EL PARAISOHat jemand nach Spanischer K\u00fcche gefragt? Achtung! Hier kommt Tradition und Moderne \u2013 im Doppelpack.Der Kunde:Instagram Design ChallengeMeine Leistungen:Branding Identity, Logodesign &nbsp;Tools &amp; Programme:Photoshop, Illustrator, IndesignDu kennst das doch: Feierabend, endlich mal abschalten, aber dann kommt dieses fiese Bauchgef\u00fchl \u2013 Hunger! Und schon wieder Pizza? Nee, das hatten wir doch erst gestern. Du denkst dir: \u201eIrgendwas mit mehr Geschmack, was Frisches\u2026 Spanisch w\u00e4r jetzt richtig gut.\u201c Beim Scrollen f\u00e4llt dir pl\u00f6tzlich EL PARAISO ins Auge. Das Logo hat was \u2013 frisch, lebendig, irgendwie anders. Ein Klick und du siehst all die leckeren Gerichte. Tapas, Paella, all das, was man sich so w\u00fcnscht. Und das Beste? Du musst nicht mal gro\u00df \u00fcberlegen \u2013 einfach bestellen und genie\u00dfen. Besonders der Stierkopf, als Symbol f\u00fcr St\u00e4rke und spanische Tradition, verlangte viele Skizzen und \u00dcberarbeitungen. Es ging darum, den spanischen Geist authentisch und modern einzufangen. Nach einigen Runden voller Ideen und Anpassungen entstand ein Logo, das den Charakter von EL PARAISO perfekt widerspiegelt: kraftvoll, einladend und zeitlos.","og_url":"https:\/\/jakobgold.de\/?page_id=241849","og_site_name":"Jakob Gold","twitter_card":"summary_large_image","twitter_misc":{"Gesch\u00e4tzte Lesezeit":"7\u00a0Minuten"},"schema":{"@context":"https:\/\/schema.org","@graph":[{"@type":"WebPage","@id":"https:\/\/jakobgold.de\/?page_id=241849","url":"https:\/\/jakobgold.de\/?page_id=241849","name":"SYNTH 42 | Filmstudio - Jakob Gold","isPartOf":{"@id":"https:\/\/jakobgold.de\/#website"},"datePublished":"2024-10-31T07:39:42+00:00","breadcrumb":{"@id":"https:\/\/jakobgold.de\/?page_id=241849#breadcrumb"},"inLanguage":"de","potentialAction":[{"@type":"ReadAction","target":["https:\/\/jakobgold.de\/?page_id=241849"]}]},{"@type":"BreadcrumbList","@id":"https:\/\/jakobgold.de\/?page_id=241849#breadcrumb","itemListElement":[{"@type":"ListItem","position":1,"name":"Startseite","item":"https:\/\/jakobgold.de\/"},{"@type":"ListItem","position":2,"name":"SYNTH 42 | Filmstudio"}]},{"@type":"WebSite","@id":"https:\/\/jakobgold.de\/#website","url":"https:\/\/jakobgold.de\/","name":"Jakob Gold: Kommunikationsdesign","description":"Design &amp; Medien","publisher":{"@id":"https:\/\/jakobgold.de\/#organization"},"potentialAction":[{"@type":"SearchAction","target":{"@type":"EntryPoint","urlTemplate":"https:\/\/jakobgold.de\/?s={search_term_string}"},"query-input":{"@type":"PropertyValueSpecification","valueRequired":true,"valueName":"search_term_string"}}],"inLanguage":"de"},{"@type":"Organization","@id":"https:\/\/jakobgold.de\/#organization","name":"Jakob Gold","url":"https:\/\/jakobgold.de\/","logo":{"@type":"ImageObject","inLanguage":"de","@id":"https:\/\/jakobgold.de\/#\/schema\/logo\/image\/","url":"https:\/\/jakobgold.de\/wp-content\/uploads\/2024\/10\/cropped-Zeichenflache-1.png","contentUrl":"https:\/\/jakobgold.de\/wp-content\/uploads\/2024\/10\/cropped-Zeichenflache-1.png","width":512,"height":512,"caption":"Jakob Gold"},"image":{"@id":"https:\/\/jakobgold.de\/#\/schema\/logo\/image\/"}}]}},"_links":{"self":[{"href":"https:\/\/jakobgold.de\/index.php?rest_route=\/wp\/v2\/pages\/241849","targetHints":{"allow":["GET"]}}],"collection":[{"href":"https:\/\/jakobgold.de\/index.php?rest_route=\/wp\/v2\/pages"}],"about":[{"href":"https:\/\/jakobgold.de\/index.php?rest_route=\/wp\/v2\/types\/page"}],"author":[{"embeddable":true,"href":"https:\/\/jakobgold.de\/index.php?rest_route=\/wp\/v2\/users\/1"}],"replies":[{"embeddable":true,"href":"https:\/\/jakobgold.de\/index.php?rest_route=%2Fwp%2Fv2%2Fcomments&post=241849"}],"version-history":[{"count":0,"href":"https:\/\/jakobgold.de\/index.php?rest_route=\/wp\/v2\/pages\/241849\/revisions"}],"wp:attachment":[{"href":"https:\/\/jakobgold.de\/index.php?rest_route=%2Fwp%2Fv2%2Fmedia&parent=241849"}],"curies":[{"name":"wp","href":"https:\/\/api.w.org\/{rel}","templated":true}]}}